{"id":378,"date":"2026-01-21T15:18:15","date_gmt":"2026-01-21T14:18:15","guid":{"rendered":"https:\/\/biserica-vejle.dk\/?page_id=378"},"modified":"2026-01-21T15:22:37","modified_gmt":"2026-01-21T14:22:37","slug":"date-bancare","status":"publish","type":"page","link":"https:\/\/biserica-vejle.dk\/index.php\/contact\/date-bancare\/","title":{"rendered":"Date bancare"},"content":{"rendered":"\n<p>Activitatea si evenimentele din cadrul parohiei noastre sunt posibile doar prin generozitatea noastr\u0103, a celor care form\u0103m Parohia Vejle-Kolding!<br>Ajut\u0103-ne si tu s\u0103 aducem lumina credin\u021bei \u00een sufletele rom\u00e2nilor din diaspora, f\u0103c\u00e2nd o dona\u021bie pentru sus\u021binerea programelor noastre!<br>Numele tuturor donatorilor vor fi pomenite la slujbele Bisericii Parohiei Vejle-Kolding.<\/p>\n\n\n\n<hr class=\"wp-block-separator has-alpha-channel-opacity\"\/>\n\n\n\n<h2 class=\"wp-block-heading\">Date Bancare Parohia Vejle-Kolding:<\/h2>\n\n\n\n<figure class=\"wp-block-image\"><img loading=\"lazy\" decoding=\"async\" width=\"179\" height=\"33\" src=\"https:\/\/biserica-vejle.dk\/wp-content\/uploads\/2023\/11\/danske-bank.jpg\" alt=\"\" class=\"wp-image-178\"\/><\/figure>\n\n\n\n<p class=\"has-text-align-center has-medium-font-size\"><strong>Danske Business One <\/strong><\/p>\n\n\n\n<p class=\"has-text-align-center has-medium-font-size\"><strong>Reg. 3409 <\/strong><br><strong>Nr. 12759827<br>IBAN: DK2330000012759827 <\/strong><br><strong>SWIFT: DABADKKK<\/strong><\/p>\n\n\n\n<hr class=\"wp-block-separator has-alpha-channel-opacity\"\/>\n\n\n\n<figure class=\"wp-block-image is-style-rounded\"><img loading=\"lazy\" decoding=\"async\" width=\"686\" height=\"686\" src=\"https:\/\/biserica-vejle.dk\/wp-content\/uploads\/2023\/10\/MobilePay-QR.png\" alt=\"\" class=\"wp-image-102\" srcset=\"https:\/\/biserica-vejle.dk\/wp-content\/uploads\/2023\/10\/MobilePay-QR.png 686w, https:\/\/biserica-vejle.dk\/wp-content\/uploads\/2023\/10\/MobilePay-QR-300x300.png 300w, https:\/\/biserica-vejle.dk\/wp-content\/uploads\/2023\/10\/MobilePay-QR-150x150.png 150w\" sizes=\"auto, (max-width: 686px) 100vw, 686px\" \/><\/figure>\n","protected":false},"excerpt":{"rendered":"<p>Activitatea si evenimentele din cadrul parohiei noastre sunt posibile doar prin generozitatea noastr\u0103, a celor care form\u0103m Parohia Vejle-Kolding!Ajut\u0103-ne si tu s\u0103 aducem lumina credin\u021bei \u00een sufletele rom\u00e2nilor din diaspora, [&hellip;]<\/p>\n","protected":false},"author":3,"featured_media":0,"parent":2,"menu_order":0,"comment_status":"closed","ping_status":"closed","template":"","meta":{"footnotes":""},"class_list":["post-378","page","type-page","status-publish","hentry"],"_links":{"self":[{"href":"https:\/\/biserica-vejle.dk\/index.php\/wp-json\/wp\/v2\/pages\/378","targetHints":{"allow":["GET"]}}],"collection":[{"href":"https:\/\/biserica-vejle.dk\/index.php\/wp-json\/wp\/v2\/pages"}],"about":[{"href":"https:\/\/biserica-vejle.dk\/index.php\/wp-json\/wp\/v2\/types\/page"}],"author":[{"embeddable":true,"href":"https:\/\/biserica-vejle.dk\/index.php\/wp-json\/wp\/v2\/users\/3"}],"replies":[{"embeddable":true,"href":"https:\/\/biserica-vejle.dk\/index.php\/wp-json\/wp\/v2\/comments?post=378"}],"version-history":[{"count":2,"href":"https:\/\/biserica-vejle.dk\/index.php\/wp-json\/wp\/v2\/pages\/378\/revisions"}],"predecessor-version":[{"id":382,"href":"https:\/\/biserica-vejle.dk\/index.php\/wp-json\/wp\/v2\/pages\/378\/revisions\/382"}],"up":[{"embeddable":true,"href":"https:\/\/biserica-vejle.dk\/index.php\/wp-json\/wp\/v2\/pages\/2"}],"wp:attachment":[{"href":"https:\/\/biserica-vejle.dk\/index.php\/wp-json\/wp\/v2\/media?parent=378"}],"curies":[{"name":"wp","href":"https:\/\/api.w.org\/{rel}","templated":true}]}}